 (base 14) in base 7?
-151
2 (base 10) to base 8
2
-2 (base 8) to base 16
-2
What is -1 (base 13) in base 11?
-1
What is 4 (base 16) in base 8?
4
What is 9 (base 16) in base 4?
21
404 (base 8) to base 14
148
What is -104 (base 11) in base 6?
-325
What is 127 (base 8) in base 14?
63
What is -1 (base 6) in base 5?
-1
20 (base 6) to base 3
110
15 (base 15) to base 10
20
ac (base 14) to base 8
230
What is -532 (base 8) in base 13?
-208
What is -242 (base 5) in base 6?
-200
Convert 42 (base 6) to base 7.
35
Convert 2 (base 9) to base 5.
2
Convert 10 (base 9) to base 7.
12
What is -103 (base 9) in base 7?
-150
2 (base 6) to base 11
2
4 (base 5) to base 11
4
-20 (base 15) to base 9
-33
0 (base 8) to base 7
0
Convert -196 (base 10) to base 13.
-121
What is 14 (base 11) in base 8?
17
46 (base 13) to base 9
64
What is -1010 (base 3) in base 2?
-11110
-100100100 (base 2) to base 10
-292
2220 (base 3) to base 9
86
2 (base 14) to base 9
2
124 (base 9) to base 6
251
Convert 273 (base 12) to base 13.
22b
Convert 3 (base 5) to base 11.
3
Convert -4c (base 16) to base 11.
-6a
Convert 1101 (base 2) to base 5.
23
-1 (base 6) to base 7
-1
4a (base 11) to base 10
54
What is -16 (base 8) in base 4?
-32
Convert 242 (base 9) to base 14.
104
-2 (base 13) to base 12
-2
Convert -14 (base 5) to base 3.
-100
What is 500 (base 8) in base 13?
1b8
Convert 2 (base 12) to base 15.
2
Convert -8 (base 15) to base 14.
-8
What is b (base 15) in base 6?
15
Convert -154 (base 6) to base 12.
-5a
6 (base 12) to base 8
6
14 (base 9) to base 12
11
-110 (base 6) to base 2
-101010
5 (base 13) to base 5
10
What is 11 (base 2) in base 9?
3
Convert 5 (base 15) to base 10.
5
What is 1 (base 3) in base 14?
1
Convert 4 (base 10) to base 16.
4
72 (base 15) to base 12
8b
Convert -149 (base 15) to base 3.
-101220
Convert 1 (base 13) to base 3.
1
Convert -4 (base 9) to base 2.
-100
-d1 (base 16) to base 11
-180
0 (base 5) to base 10
0
-4 (base 9) to base 7
-4
1 (base 9) to base 10
1
1a (base 16) to base 2
11010
-73 (base 15) to base 2
-1101100
Convert -4 (base 16) to base 3.
-11
Convert 47 (base 12) to base 6.
131
Convert 5 (base 8) to base 16.
5
Convert 2a (base 13) to base 6.
100
What is -10 (base 13) in base 3?
-111
-3 (base 9) to base 8
-3
Convert -13 (base 6) to base 16.
-9
What is -101 (base 2) in base 4?
-11
Convert -40 (base 9) to base 14.
-28
Convert 9 (base 15) to base 13.
9
What is -a (base 14) in base 7?
-13
What is -223 (base 6) in base 14?
-63
Convert 6 (base 15) to base 10.
6
What is -4 (base 15) in base 16?
-4
14 (base 6) to base 10
10
What is 3 (base 6) in base 9?
3
What is -1e (base 16) in base 8?
-36
What is -10001 (base 2) in base 13?
-14
-3 (base 9) to base 6
-3
Convert 2 (base 6) to base 7.
2
What is 8 (base 12) in base 16?
8
Convert -20 (base 14) to base 4.
-130
-4 (base 10) to base 9
-4
Convert -31 (base 8) to base 10.
-25
What is -142 (base 5) in base 8?
-57
What is -13 (base 13) in base 5?
-31
1 (base 4) to base 16
1
What is -10 (base 7) in base 12?
-7
2 (base 9) to base 3
2
10020 (base 3) to base 12
73
Convert 2 (base 5) to base 6.
2
What is 2 (base 8) in base 9?
2
Convert -122 (base 5) to base 10.
-37
What is -c7 (base 16) in base 5?
-1244
What is 65 (base 10) in base 6?
145
What is -2 (base 8) in base 12?
-2
What is -184 (base 13) in base 9?
-337
1 (base 3) to base 12
1
What is -1110 (base 2) in base 8?
-16
Convert -11111101 (base 2) to base 13.
-166
Convert -1 (base 9) to base 4.
-1
-7 (base 8) to base 6
-11
-562 (base 8) to base 6
-1414
Convert -3 (base 16) to base 7.
-3
14 (base 10) to base 8
16
Convert -2 (base 4) to base 3.
-2
-225 (base 6) to base 4
-1121
Convert -35 (base 10) to base 8.
-43
26 (base 10) to base 8
32
What is 4 (base 16) in base 12?
4
-3 (base 10) to base 14
-3
-2 (base 12) to base 5
-2
-36 (base 8) to base 4
-132
12 (base 13) to base 10
15
What is -22 (base 8) in base 10?
-18
What is -7 (base 10) in base 8?
-7
1 (base 15) to base 11
1
Convert 20 (base 5) to base 11.
a
-502 (base 6) to base 4
-2312
What is 0 (base 7) in base 8?
0
What is 71 (base 9) in base 14?
48
What is 2 (base 8) in base 16?
2
What is -4 (base 12) in base 6?
-4
-1 (base 3) to base 4
-1
What is -89 (base 16) in base 7?
-254
141 (base 6) to base 9
67
What is 1 (base 14) in base 9?
1
Convert -1 (base 12) to base 11.
-1
What is -2 (base 9) in base 8?
-2
What is -4 (base 14) in base 3?
-11
-260 (base 8) to base 11
-150
-22 (base 6) to base 5
-24
Convert -87 (base 10) to base 16.
-57
-111211 (base 3) to base 2
-101110101
Convert -222 (base 5) to base 8.
-76
What is -3 (base 14) in base 4?
-3
1 (base 11) to base 2
1
Convert 17 (base 13) to base 10.
20
Convert -11 (base 8) to base 6.
-13
Convert -3 (base 6) to base 2.
-11
-11221 (base 3) to base 4
-2011
Convert -7 (base 12) to base 8.
-7
What is 1011 (base 2) in base 14?
b
What is 3 (base 15) in base 13?
3
Convert 6d (base 15) to base 9.
124
What is -372 (base 9) in base 3?
-102102
Convert -b (base 12) to base 14.
-b
What is -6 (base 11) in base 10?
-6
What is 312 (base 5) in base 9?
101
What is 323 (base 5) in base 3?
10021
Convert -8 (base 11) to base 16.
-8
10122 (base 3) to base 7
200
What is -1 (base 16) in base 2?
-1
-2003 (base 5) to base 14
-141
What is 1001100 (base 2) in base 12?
64
17 (base 9) to base 7
22
-1 (base 3) to base 6
-1
What is -1011 (base 3) in base 5?
-111
3 (base 16) to base 3
10
-24 (base 7) to base 4
-102
What is -5 (base 11) in base 2?
-101
What is 1c (base 15) in base 3?
1000
5 (base 12) to base 11
5
What is 14 (base 9) in base 10?
13
What is 0 (base 6) in base 3?
0
What is 555 (base 7) in base 2?
100011101
-2033 (base 5) to base 14
-152
What is 2303 (base 4) in base 2?
10110011
10310 (base 4) to base 16
134
33 (base 4) to base 6
23
4 (base 8) to base 6
4
Convert 4 (base 7) to base 6.
4
What is -15 (base 11) in base 3?
-121
Convert 7 (base 11) to base 9.
7
What is 30 (base 9) in base 16?
1b
Convert 0 (base 3) to base 14.
0
What is 220 (base 3) in base 10?
24
What is 0 (base 5) in base 8?
0
1120 (base 4) to base 10
88
Convert 23 (base 12) to base 2.
11011
What is -2 (base 6) in base 5?
-2
a (base 12) to base 13
a
Convert -12 (base 5) to base 3.
-21
What is -2b (base 16) in base 9?
-47
What is -10221 (base 4) in base 6?
-1213
What is -b8 (base 12) in base 13?
-aa
What is -3 (base 16) in base 12?
-3
What is -10 (base 8) in base 15?
-8
Convert -1 (base 15) to base 8.
-1
Convert -21 (base 7) to base 11.
-14
56 (base 8) to base 4
232
What is -47 (base 16) in base 9?
-78
What is 5 (base 13) in base 4?
11
Convert 2 (base 13) to base 6.
2
What is -1000 (base 2) in base 4?
-20
Convert -104 (base 11) to base 10.
-125
Convert 2 (base 4) to base 14.
2
Convert 1 (base 15) to base 3.
1
57 (base 13) to base 12
60
Convert -103 (base 6) to base 12.
-33
What is 21 (base 4) in base 9?
10
What is a (base 15) in base 14?
a
225 (base 7) to base 10
117
2a (base 15) to base 10
40
5e (base 16) to base 6
234
What is 1 (base 5) in base 9?
1
What is -200 (base 5) in base 14?
-38
-4 (base 12) to base 8
-4
What is 66 (base 11) in base 10?
72
Convert 2 (base 13) to base 14.
2
-1 (base 8) to base 16
-1
What is -2 (base 10) in base 9?
-2
Convert 13 (base 4) to base 15.
7
3 (base 9) to base 15
3
43 (base 12) to base 8
63
Convert 8 (base 14) to base 12.
8
What is -25 (base 11) in base 6?
-43
Convert a (base 11) to base 16.
a
Convert -2 (base 16) to base 8.
-2
What is -424 (base 5) in base 7?
-222
Convert 3 (base 11) to base 12.
3
Convert 56 (base 11) to base 6.
141
Convert 1 (base 8) to base 16.
1
-5 (base 8) to base 9
-5
Convert -5 (base 10) to base 14.
-5
-6 (base 8) to base 2
-110
-125 (base 9) to base 13
-80
What is a0 (base 13) in base 6?
334
Convert 1b9 (base 14) to base 8.
547
Convert 1 (base 11) to base 12.
1
What is 10001 (base 2) in base 12?
15
-70 (base 15) to base 16
-69
What is -4d (base 15) in base 13?
-58
10000 (base 2) to base 9
17
-3 (base 6) to base 15
-3
13 (base 4) to base 11
7
What is -5 (base 8) in base 9?
-5
What is 2 (base 12) in base 9?
2
Convert 10 (base 4) to base 16.
4
What is -42 (base 5) in base 10?
-22
Convert 4 (base 11) to base 6.
4
What is a (base 16) in base 5?
20
What is 3 (base 6) in base 8?
3
20 (base 9) to base 7
24
-64 (base 12) to base 7
-136
Convert -10 (base 3) to base 15.
-3
What is 3 (base 7) i